91
What are the prime factors of 621540?
2, 3, 5, 1151
What are the prime factors of 58785?
3, 5, 3919
List the prime factors of 6904948.
2, 1726237
What are the prime factors of 253353?
3, 79, 1069
List the prime factors of 90216.
2, 3, 7, 179
What are the prime factors of 65962?
2, 13, 43, 59
List the prime factors of 6207925.
5, 248317
List the prime factors of 1060702.
2, 59, 89, 101
List the prime factors of 3960184.
2, 17, 37, 787
List the prime factors of 942815.
5, 188563
List the prime factors of 1134974.
2, 567487
List the prime factors of 64011.
3, 19, 1123
What are the prime factors of 4043729?
4043729
List the prime factors of 297196.
2, 191, 389
What are the prime factors of 2265247?
23, 149, 661
What are the prime factors of 208910?
2, 5, 13, 1607
List the prime factors of 228831.
3, 83, 919
What are the prime factors of 22382430?
2, 3, 5, 7, 53, 2011
List the prime factors of 3121466.
2, 1560733
List the prime factors of 1283776.
2, 13, 1543
List the prime factors of 1254317.
1254317
What are the prime factors of 631486?
2, 315743
What are the prime factors of 614859?
3, 7, 19, 23, 67
What are the prime factors of 422144?
2, 17, 97
List the prime factors of 966875.
5, 7, 13, 17
List the prime factors of 122042.
2, 139, 439
List the prime factors of 1552325.
5, 31, 2003
What are the prime factors of 9831793?
2927, 3359
What are the prime factors of 1856726?
2, 41, 22643
What are the prime factors of 1324387?
1324387
List the prime factors of 2838738.
2, 3, 7, 67589
List the prime factors of 467746.
2, 271, 863
What are the prime factors of 427939?
427939
What are the prime factors of 761392?
2, 23, 2069
List the prime factors of 16819517.
11, 13, 117619
List the prime factors of 3287243.
223, 14741
What are the prime factors of 10955801?
103, 106367
What are the prime factors of 1505101?
13, 115777
List the prime factors of 1979410.
2, 5, 131, 1511
List the prime factors of 2513500.
2, 5, 11, 457
What are the prime factors of 495758?
2, 247879
List the prime factors of 464453.
11, 42223
List the prime factors of 14004874.
2, 13, 538649
What are the prime factors of 5345165?
5, 7, 21817
List the prime factors of 295585.
5, 31, 1907
What are the prime factors of 11802310?
2, 5, 13, 90787
What are the prime factors of 1839955?
5, 13, 28307
List the prime factors of 59000.
2, 5, 59
List the prime factors of 90624.
2, 3, 59
List the prime factors of 76402.
2, 38201
What are the prime factors of 10053168?
2, 3, 209441
List the prime factors of 12782104.
2, 1597763
What are the prime factors of 47373?
3, 15791
List the prime factors of 238807.
47, 5081
What are the prime factors of 71641?
31, 2311
What are the prime factors of 14734693?
1171, 12583
What are the prime factors of 167084?
2, 41771
What are the prime factors of 4396289?
23, 191143
List the prime factors of 9119230.
2, 5, 383, 2381
What are the prime factors of 1297928?
2, 19, 8539
List the prime factors of 2864452.
2, 811, 883
List the prime factors of 255624.
2, 3, 10651
What are the prime factors of 2429936?
2, 151871
List the prime factors of 2773088.
2, 19, 4561
List the prime factors of 333749.
13, 25673
What are the prime factors of 277804?
2, 199, 349
List the prime factors of 18229854.
2, 3, 19, 159911
List the prime factors of 4394183.
4394183
List the prime factors of 165107.
41, 4027
What are the prime factors of 3931160?
2, 5, 23, 4273
What are the prime factors of 1977247?
239, 8273
List the prime factors of 21705264.
2, 3, 7, 61, 353
List the prime factors of 36792719.
149, 246931
List the prime factors of 7458829.
7, 29, 181
List the prime factors of 2767399.
191, 14489
What are the prime factors of 8066039?
8066039
List the prime factors of 1681249.
17, 98897
What are the prime factors of 1856779?
61, 499
List the prime factors of 694217.
163, 4259
List the prime factors of 1819224.
2, 3, 11, 2297
What are the prime factors of 192742?
2, 11, 8761
List the prime factors of 5772034.
2, 23, 179, 701
List the prime factors of 1301535.
3, 5, 31, 311
What are the prime factors of 408218?
2, 401, 509
What are the prime factors of 304588?
2, 76147
List the prime factors of 1066715.
5, 13, 16411
What are the prime factors of 457869?
3, 152623
List the prime factors of 3547194.
2, 3, 7, 84457
What are the prime factors of 6505509?
3, 17, 199, 641
List the prime factors of 176775.
3, 5, 2357
What are the prime factors of 2634407?
19, 61, 2273
What are the prime factors of 186497?
283, 659
List the prime factors of 185594.
2, 71, 1307
List the prime factors of 549412.
2, 137353
List the prime factors of 4745304.
2, 3, 2441
What are the prime factors of 233877?
3, 7, 37, 43
List the prime factors of 2085821.
487, 4283
List the prime factors of 3457523.
31, 111533
What are the prime factors of 16491852?
2, 3, 13, 131, 269
What are the prime factors of 12222510?
2, 3, 5, 19, 41, 523
What are the prime factors of 4508191?
37, 121843
List the prime factors of 86523.
3, 151, 191
List the prime factors of 615512.
2, 47, 1637
What are the prime factors of 24275136?
2, 3, 126433
List the prime factors of 152796.
2, 3, 7, 17, 107
List the prime factors of 4483816.
2, 560477
What are the prime factors of 293507?
293507
What are the prime factors of 488196?
2, 3, 71, 191
List the prime factors of 173294.
2, 11, 7877
What are the prime factors of 420649?
401, 1049
List the prime factors of 8088498.
2, 3, 11, 17, 89
What are the prime factors of 52538?
2, 109, 241
List the prime factors of 85358.
2, 7, 13, 67
What are the prime factors of 2190478?
2, 1095239
What are the prime factors of 7285183?
461, 15803
List the prime factors of 54855.
3, 5, 23, 53
What are the prime factors of 2845277?
29, 41, 2393
What are the prime factors of 2299470?
2, 3, 5, 76649
List the prime factors of 1401437.
1401437
What are the prime factors of 9489458?
2, 11, 431339
List the prime factors of 276570.
2, 3, 5, 7, 439
What are the prime factors of 9922421?
97, 102293
List the prime factors of 327851.
327851
List the prime factors of 6900624.
2, 3, 173, 277
List the prime factors of 1957446.
2, 3, 43, 281
What are the prime factors of 1409920?
2, 5, 2203
What are the prime factors of 4447448?
2, 555931
List the prime factors of 1129606.
2, 277, 2039
What are the prime factors of 4509463?
7, 499, 1291
What are the prime factors of 194682?
2, 3, 71, 457
List the prime factors of 20008062.
2, 3, 1111559
List the prime factors of 20954840.
2, 5, 23, 22777
What are the prime factors of 4987708?
2, 11, 113357
What are the prime factors of 621585?
3, 5, 19, 727
What are the prime factors of 219515?
5, 43, 1021
List the prime factors of 258290.
2, 5, 23, 1123
What are the prime factors of 3118124?
2, 779531
What are the prime factors of 640374?
2, 3, 7, 79, 193
What are the prime factors of 191367?
3, 11, 1933
What are the prime factors of 3738384?
2, 3, 13, 1997
List the prime factors of 294712.
2, 11, 17, 197
List the prime factors of 10692292.
2, 13, 15817
List the prime factors of 851277.
3, 7, 5791
List the prime factors of 23565.
3, 5, 1571
What are the prime factors of 23141678?
2, 7, 97, 17041
List the prime factors of 1713114.
2, 3, 13, 7321
What are the prime factors of 911369?
31, 29399
List the prime factors of 1893193.
1893193
List the prime factors of 4151853.
3, 461317
What are the prime factors of 11475791?
19, 603989
What are the prime factors of 454766?
2, 13, 17491
List the prime factors of 358635.
3, 5, 23909
What are the prime factors of 4307544?
2, 3, 29, 2063
List the prime factors of 11834718.
2, 3, 7, 43, 6553
List the prime factors of 81060.
2, 3, 5, 7, 193
List the prime factors of 5521504.
2, 109, 1583
What are the prime factors of 8415398?
2, 571, 7369
What are the prime factors of 908915?
5, 7, 25969
List the prime factors of 6459612.
2, 3, 538301
What are the prime factors of 353334?
2, 3, 58889
List the prime factors of 7559444.
2, 683, 2767
List the prime factors of 460960.
2, 5, 43, 67
List the prime factors of 465714.
2, 3, 25873
List the prime factors of 118848.
2, 3, 619
List the prime factors of 1742390.
2, 5, 13, 1031
List the prime factors of 831785.
5, 166357
What are the prime factors of 3105?
3, 5, 23
What are the prime factors of 216039?
3, 23, 31, 101
List the 